- 7*u - 10. Let o be s(v). Suppose 5*a - 4*q = o, 0*q - q = -5*a + 4538. Is a a prime number?
True
Let k be -3*((-40)/12)/(-5). Is (-114189)/(-27) + k*(-2)/(-18) prime?
True
Let v(x) = 182*x**2 - 218*x - 23. Is v(-12) composite?
True
Suppose 0 = -i + 2*i + 5, -13 = -4*c + i. Let d be (c/8 + 467/4)*1. Let t = d - -532. Is t prime?
False
Suppose -4*m + 3*s = -803564, 27*s - 29*s + 602639 = 3*m. Is m prime?
False
Suppose -13323 - 173012 = -i + 4*o, 4*i - 5*o = 745329. Is i composite?
True
Let o(n) = -5816*n + 133. Let x(c) = 2908*c - 64. Let a(w) = -3*o(w) - 5*x(w). Is a(4) composite?
True
Is 1 + (-39)/13 + 4/((-4)/(-446785)) prime?
False
Is ((-385991)/2)/(120/(-240)) a composite number?
False
Let z(g) = -7*g**3 - 3*g**3 - 3*g**3 + 6*g**2 + 2 + 6*g. Let t = 346 + -349. Is z(t) a prime number?
True
Let r be ((-544760)/50)/(18/(-45)). Let h = -16041 + r. Is h a prime number?
True
Let m(d) = -82*d**2 + 5*d - 5. Suppose 2*y - 11 = -3*y - 3*p, -4*y - p = -13. Let s be m(y). Let k = -132 - s. Is k a prime number?
False
Suppose 102 - 25 = -11*b. Is (7/28)/(b/(-200732)) a composite number?
True
Let y be (2*-1)/(320/(-56) + 6). Is (-6673)/y - 17/(595/10) a composite number?
False
Let s(u) = -15*u**2 + 7*u + 2. Let l be s(-6). Suppose -14*q - 676 = 3930. Let g = q - l. Is g a composite number?
False
Let l(v) = 16*v**2 + 8*v + 34. Let o be l(34). Suppose -k - o = -6*k + 3*m, 5*m + 7517 = 2*k. Is k a composite number?
False
Let u = -8 + -36. Let o = -47 - u. Is 504 + (-1 - (o + 4)) composite?
True
Let i be (-30)/(-30) - 10*-5. Suppose i*w - 70*w = -527573. Is w a prime number?
True
Suppose -32*w + 5*w + 81 = 0. Suppose w*b + 4*s = 3433, -b + 5*s + 821 = -355. Is b prime?
True
Let k be (-32)/(-48)*(48/1)/(-2). Let a = 273 + k. Is a prime?
True
Let k = -414857 + 777460. Is k prime?
False
Suppose 4*v - 1898 = -u + 1233, 3898 = 5*v - 4*u. Suppose 0 = -4*n + v + 5222. Is n a prime number?
False
Let z(m) = 80602*m**2 - 9*m + 7. Is z(2) prime?
True
Let l(x) = x**2 + 6*x - 40. Let s be l(4). Let n(o) = -14*o + 391. Is n(s) composite?
True
Let s be (2 + 14/(-8))*26*-362. Let m = s + 5508. Is m a prime number?
False
Let i be ((-4)/7)/((-6)/21)*2. Let k be 1/(i/10 + 6/60). Suppose -497 = -5*n + 2*j + j, 2*n - 186 = -k*j. Is n a prime number?
True
Let j(z) = 2*z**3 + 15*z**2 - 17*z - 16. Let n be j(7). Suppose -3*r = 2040 + 291. Let f = n + r. Is f composite?
False
Suppose -5*j + 3*m + 16 = 0, -4*m = 3*j + 1 + 1. Let b be (-40)/(-10) + j + -1. Suppose 0 = -4*i + b*z + 228, 3*i + 2*i + z = 314. Is i a prime number?
False
Suppose 0 = -6*c - 11 + 29. Suppose -n - o = -3253, -c*n + 8061 = -4*o - 1684. Is n a composite number?
False
Suppose 54*o - 41*o - 114530 = 0. Suppose -29*z + 123401 = -o. Is z prime?
False
Suppose 391896 = 4*f + 101*q - 105*q, -f + 97959 = -4*q. Is f a prime number?
False
Suppose g - g + 3*g = 0. Suppose g = -2*j + 3*c + 55, 0 = -3*j + 6*j - 2*c - 70. Is 10745/j + (-2)/16*2 composite?
True
Suppose -3*g + 2*t + 18 = 2*g, 0 = -2*g + 5*t + 3. Suppose y = 5*a - 1255, -a + 0*y = g*y - 230. Suppose -255 = -5*p - 0*p - 2*i, 5*p - a = -3*i. Is p prime?
True
Let m = -2 + 4. Suppose -4*y + 22 = -2*u, 11 = -y - m*y - 4*u. Let q(j) = 18*j**3 + 4*j**2 - 1. Is q(y) a composite number?
False
Suppose -37*k + 90 = -58. Suppose k*z + 24046 = 2*s, 3*z + 0*z + 48067 = 4*s. Is s a composite number?
True
Let o(u) = -2491*u - 3916. Is o(-50) composite?
True
Let u(w) = 55*w**2 - 28*w + 49. Is u(12) prime?
False
Let v(o) = 6*o + 191. Let x(t) = t**3 + 2*t**2 + 0*t**3 - 2*t**3 + 0*t**3. Let r be x(0). Is v(r) a composite number?
False
Let t = -31 + 33. Is 2/(918/(-3864) - t/(-8)) prime?
False
Let u = 22 + -19. Suppose -3*g + 1302 = 3*f - 0*g, -u*g - 1302 = -3*f. Is f + (-3)/(-3 - -2) prime?
False
Let o(s) = 66*s**2 - 2*s - 3. Let v be o(-1). Suppose v*b - 111 = 62*b. Is b a composite number?
False
Is (43198/3 - 11) + 1/(-3) - 1 a prime number?
True
Suppose -2*m = 5*x - 10255, -2*x + 6122 = x - 5*m. Is x prime?
False
Suppose -944*q = -948*q - 5*v + 1178914, -5*v = -q + 294741. Is q prime?
True
Suppose 281 = -4*y + 3889. Let h = y - -2359. Is h a prime number?
False
Let g = -34644 - -69865. Is g composite?
False
Is (180869/(-39))/(-1)*3 a composite number?
False
Suppose -37*g + 32*g - 150 = 0. Is 12/(-9) - 73330/g a prime number?
False
Suppose 2*c + 3466 = 4*c - o, -c + 1723 = -3*o. Suppose 2039 + c = 6*h. Suppose 0 = 4*w - 12, -z - 5*w + h = -0*z. Is z a composite number?
True
Let s = -122 + 50. Let a = -68 - s. Is 1221 + 1*(-1)/2*a a composite number?
True
Let u(f) = 3*f**2 - 4*f + 5. Let r be u(1). Let x be r + -3 - (-3 + 3). Is 60 + (-1 + -2 + 1 - x) prime?
False
Suppose -23079 = -z - 4*z - 2*k, 5*z - k - 23073 = 0. Let s = 335 + z. Suppose -4*u - u + s = 5*g, 4*g - 1974 = -2*u. Is u a composite number?
True
Let k = -7 - -14. Suppose 0 = -j - c - 5, -25 = -2*c + k*c. Is j/3*-1 + -2 - -447 a composite number?
True
Let i = 13 - 11. Suppose 2*u + 4*g + 16 = 0, 6 = -5*u - 2*g - i. Is u - (501 - -1)/(-2) a composite number?
False
Suppose 30 = 2*a + 32. Let t(o) be the first derivative of -136*o**2 - 3*o + 17. Is t(a) a composite number?
False
Suppose -15*f + 1558653 = -212562. Is f a prime number?
True
Suppose -10*z = -9*z - 2763. Let s = z + -986. Is s a prime number?
True
Suppose -17520 + 5422 - 28417 = -15*c. Is c prime?
False
Let b(j) = -2*j + 8. Let z be b(4). Suppose z = -v + 5. Suppose v*u - 327 = 2*u. Is u a prime number?
True
Let w be ((-9)/(-12))/(22/8 - 3). Let h(a) = -3088*a + 7. Is h(w) a composite number?
True
Suppose -c + 4*c + 90 = 0. Let f = c + 27. Is f + 45 + (-6)/2 a composite number?
True
Let v(j) = j - 1. Let u(n) = -100*n + 57. Let o(t) = u(t) + 5*v(t). Suppose 2*c = -a - 43, a + 59 + 47 = -5*c. Is o(c) a composite number?
True
Let j be 9360/(-12)*(-2)/(-5)*-66. Suppose 0*p = -4*g + p + j, 4*g - 20576 = -3*p. Is g composite?
False
Let x(d) = -785*d - 88*d - 302*d - 12. Is x(-3) a prime number?
False
Let j(m) = 281*m**3 + 7*m**2 - 143*m + 86. Is j(13) a composite number?
True
Is 8/((-80)/(-340202)) + (-12)/10 a composite number?
False
Suppose 20 = -w - 5*l, 56*w - 58*w - 5*l - 20 = 0. Let r(o) = 5*o - 5*o + 541 - o. Is r(w) composite?
False
Let k = 365178 + -112271. Is k prime?
False
Let h = -840195 + 1183028. Is h a composite number?
False
Let x be (-81)/(-6)*((-8)/(-6) + 0). Let m be ((-6)/x)/((-3)/(-40671)). Let l = m + 6668. Is l a composite number?
True
Let k(w) be the third derivative of 3*w**4 - 23*w**3/6 + 5*w**2. Let b = 29 - 24. Is k(b) a prime number?
True
Let j(i) = 115*i - 23. Let t be j(5). Suppose 3*x - t = 342. Suppose -g - 5*c + 68 = 0, 5*c - 48 = 5*g - x. Is g prime?
True
Let w = 137 - 136. Let k be (10 - 9)/(1/(w - -1)). Suppose -k*y + 163 = 3*q, q = -3*y - 2*q + 240. Is y a prime number?
False
Suppose 0 = -3*z + 3*v + 146988, 960*z - 957*z = -5*v + 147044. Is z prime?
True
Suppose -8*c + 385 = 353. Suppose 0 = c*k - 3*d - 82378, -5*k = 37*d - 40*d - 102971. Is k a prime number?
True
Let v(h) = 2694*h**2 + 160*h + 11. Is v(9) composite?
True
Let k be 12 - (-16)/(1 - 5). Let w(p) = -2*p + 8. Let z be w(k). Is (-4 - z - 8) + 266 composite?
True
Suppose 3 = -0*s - s. Let m be (11*5)/((s/(-1))/(-51)). Let k = m - -1570. Is k prime?
False
Let y(n) = -n**3 + 3*n**2 + 6*n - 8. Let b(v) = -v**2 - 7*v + 22. Let j be b(-9). Let z be y(j). Suppose z = 3*o - o - 3*u - 1388, o = u + 694. Is o composite?
True
Let p(n) = -4*n**2 + 5*n - 3. Let s be p(1). Is -1 + s + (-1526*13)/(-1) prime?
False
Let w(p) = -p**3 - 9*p**2 + 9*p - 26. Let f be 23/(-2) - (-4)/(-56)*7. Is w(f) composite?
True
Suppose -115474 + 1696763 = 17*x. Is x prime?
False
Let d = -68022 - -118711. Is d a prime number?
False
Let t be ((-72)/90)/(1/5) - -34. Suppose -2*m = -1572 + t. Is m composite?
True
Let t(u) = u**3 + u**2 - 5*u - 12. Let q be t(-2). Is (-4)/q*(-34386)/(-44) prime?
True
Let x = -4599 + 25450. Is x a composite number?
True
Let u(a) = a**3 + 12*a**2 - 15*a + 12. Let z be u(-13). Let h be 2680 - z - ((-1 - 0) + 1). Let y = -1639 + h. Is y a prime number?
False
Let p be 3 + 35042/3 + (-1)/(-3). Suppose 4*v - p - 6508 = 2*t, 5*t = v - 4557. Is v prime?
True
Let s = -2782 + 8972. Let a = -2427 + s. Is a composite?
True
Let n be 4/(-24) + 24809/(-6). Let d = 18080 + n. Is